{"id":10888,"date":"2026-07-03T12:38:02","date_gmt":"2026-07-03T10:38:02","guid":{"rendered":"https:\/\/smakivera.pl\/?post_type=product&#038;p=10888"},"modified":"2026-07-03T12:39:39","modified_gmt":"2026-07-03T10:39:39","slug":"celery-sticks-860g-vera","status":"publish","type":"product","link":"https:\/\/smakivera.pl\/en\/produkt\/seler-wiorki-860g-vera\/","title":{"rendered":"Shredded celery 860g, VERA"},"content":{"rendered":"<p><strong>Shredded celery in brine\u00a0<\/strong>\u00a0It\u2019s a handy addition to salads, snacks and main courses. Ready to use and packed in a jar, it allows you to quickly enhance the flavour of your dishes without having to peel or grate vegetables. The delicate celery shavings go well with mayonnaise, yoghurt, egg, sweetcorn, ham, chicken or pickled gherkins. They are particularly suitable for vegetable salads and other classic dishes, both for everyday meals and special occasions.\u00a0<strong>Shredded celery in brine<\/strong>\u00a0It\u2019s a simple way to quickly prepare tasty, home-cooked meals.<\/p>","protected":false},"excerpt":{"rendered":"<p>Seler wi\u00f3rki w zalewie\u00a0\u00a0to wygodny dodatek do sa\u0142atek, przek\u0105sek i da\u0144 obiadowych. Gotowy do u\u017cycia, zamkni\u0119ty w s\u0142oiku, pozwala szybko wzbogaci\u0107 smak potraw bez obierania i tarcia warzyw. Delikatne wi\u00f3rki selera dobrze komponuj\u0105 si\u0119 z majonezem, jogurtem, jajkiem, kukurydz\u0105, szynk\u0105, kurczakiem czy og\u00f3rkiem konserwowym. Sprawdz\u0105 si\u0119 szczeg\u00f3lnie w sa\u0142atce jarzynowej oraz innych klasycznych kompozycjach na [&hellip;]<\/p>\n","protected":false},"featured_media":10889,"template":"","meta":{"rs_blank_template":"","rs_page_bg_color":"","slide_template_v7":""},"product_brand":[],"product_cat":[278,155],"product_tag":[],"class_list":["post-10888","product","type-product","status-publish","has-post-thumbnail","product_cat-produkty-horeca","product_cat-przetwory-warzywne","first","instock","shipping-taxable","product-type-simple"],"yoast_head":"<!-- This site is optimized with the Yoast SEO plugin v28.3 - https:\/\/yoast.com\/product\/yoast-seo-wordpress\/ -->\n<title>Seler wi\u00f3rki 860g, VERA - Produkty - Smaki Vera<\/title>\n<meta name=\"description\" content=\"Wyj\u0105tkowe Seler wi\u00f3rki 860g, VERA od marki Vera. Przygotuj pyszne dania z naszymi produktami. Nowych pomys\u0142\u00f3w szukaj w dziale z Inspiracjami | Smaki Vera\" \/>\n<meta name=\"robots\" content=\"index, follow, max-snippet:-1, max-image-preview:large, max-video-preview:-1\" \/>\n<link rel=\"canonical\" href=\"https:\/\/smakivera.pl\/en\/product\/celery-sticks-860g-vera\/\" \/>\n<meta property=\"og:locale\" content=\"en_GB\" \/>\n<meta property=\"og:type\" content=\"article\" \/>\n<meta property=\"og:title\" content=\"Seler wi\u00f3rki 860g, VERA - Produkty - Smaki Vera\" \/>\n<meta property=\"og:description\" content=\"Wyj\u0105tkowe Seler wi\u00f3rki 860g, VERA od marki Vera. Przygotuj pyszne dania z naszymi produktami. Nowych pomys\u0142\u00f3w szukaj w dziale z Inspiracjami | Smaki Vera\" \/>\n<meta property=\"og:url\" content=\"https:\/\/smakivera.pl\/en\/product\/celery-sticks-860g-vera\/\" \/>\n<meta property=\"og:site_name\" content=\"VERA - Ca\u0142y \u015bwiat w Twojej Kuchni\" \/>\n<meta property=\"article:publisher\" content=\"https:\/\/www.facebook.com\/smakivera\" \/>\n<meta property=\"article:modified_time\" content=\"2026-07-03T10:39:39+00:00\" \/>\n<meta property=\"og:image\" content=\"https:\/\/smakivera.pl\/wp-content\/uploads\/2026\/07\/seler-wiorki.webp\" \/>\n\t<meta property=\"og:image:width\" content=\"1000\" \/>\n\t<meta property=\"og:image:height\" content=\"1000\" \/>\n\t<meta property=\"og:image:type\" content=\"image\/webp\" \/>\n<meta name=\"twitter:card\" content=\"summary_large_image\" \/>\n<meta name=\"twitter:label1\" content=\"Estimated reading time\" \/>\n\t<meta name=\"twitter:data1\" content=\"1 minute\" \/>\n<script type=\"application\/ld+json\" class=\"yoast-schema-graph\">{\"@context\":\"https:\\\/\\\/schema.org\",\"@graph\":[{\"@type\":\"WebPage\",\"@id\":\"https:\\\/\\\/smakivera.pl\\\/produkt\\\/seler-wiorki-860g-vera\\\/\",\"url\":\"https:\\\/\\\/smakivera.pl\\\/produkt\\\/seler-wiorki-860g-vera\\\/\",\"name\":\"Seler wi\u00f3rki 860g, VERA - Produkty - Smaki Vera\",\"isPartOf\":{\"@id\":\"https:\\\/\\\/smakivera.pl\\\/#website\"},\"primaryImageOfPage\":{\"@id\":\"https:\\\/\\\/smakivera.pl\\\/produkt\\\/seler-wiorki-860g-vera\\\/#primaryimage\"},\"image\":{\"@id\":\"https:\\\/\\\/smakivera.pl\\\/produkt\\\/seler-wiorki-860g-vera\\\/#primaryimage\"},\"thumbnailUrl\":\"https:\\\/\\\/smakivera.pl\\\/wp-content\\\/uploads\\\/2026\\\/07\\\/seler-wiorki.webp\",\"datePublished\":\"2026-07-03T10:38:02+00:00\",\"dateModified\":\"2026-07-03T10:39:39+00:00\",\"description\":\"Wyj\u0105tkowe Seler wi\u00f3rki 860g, VERA od marki Vera. Przygotuj pyszne dania z naszymi produktami. Nowych pomys\u0142\u00f3w szukaj w dziale z Inspiracjami | Smaki Vera\",\"breadcrumb\":{\"@id\":\"https:\\\/\\\/smakivera.pl\\\/produkt\\\/seler-wiorki-860g-vera\\\/#breadcrumb\"},\"inLanguage\":\"en-GB\",\"potentialAction\":[{\"@type\":\"ReadAction\",\"target\":[\"https:\\\/\\\/smakivera.pl\\\/produkt\\\/seler-wiorki-860g-vera\\\/\"]}]},{\"@type\":\"ImageObject\",\"inLanguage\":\"en-GB\",\"@id\":\"https:\\\/\\\/smakivera.pl\\\/produkt\\\/seler-wiorki-860g-vera\\\/#primaryimage\",\"url\":\"https:\\\/\\\/smakivera.pl\\\/wp-content\\\/uploads\\\/2026\\\/07\\\/seler-wiorki.webp\",\"contentUrl\":\"https:\\\/\\\/smakivera.pl\\\/wp-content\\\/uploads\\\/2026\\\/07\\\/seler-wiorki.webp\",\"width\":1000,\"height\":1000},{\"@type\":\"BreadcrumbList\",\"@id\":\"https:\\\/\\\/smakivera.pl\\\/produkt\\\/seler-wiorki-860g-vera\\\/#breadcrumb\",\"itemListElement\":[{\"@type\":\"ListItem\",\"position\":1,\"name\":\"Strona g\u0142\u00f3wna\",\"item\":\"https:\\\/\\\/smakivera.pl\\\/\"},{\"@type\":\"ListItem\",\"position\":2,\"name\":\"Produkty\",\"item\":\"https:\\\/\\\/smakivera.pl\\\/shop\\\/\"},{\"@type\":\"ListItem\",\"position\":3,\"name\":\"Seler wi\u00f3rki 860g, VERA\"}]},{\"@type\":\"WebSite\",\"@id\":\"https:\\\/\\\/smakivera.pl\\\/#website\",\"url\":\"https:\\\/\\\/smakivera.pl\\\/\",\"name\":\"VERA - Ca\u0142y \u015bwiat w Twojej Kuchni\",\"description\":\"Udaj si\u0119 z nami w kulinarn\u0105 podr\u00f3\u017c... do s\u0142onecznej Hiszpanii po pyszne oliwy, do W\u0142och po pachn\u0105ce pomidory, a mo\u017ce do Indii po tropikalne owoce?\",\"publisher\":{\"@id\":\"https:\\\/\\\/smakivera.pl\\\/#organization\"},\"potentialAction\":[{\"@type\":\"SearchAction\",\"target\":{\"@type\":\"EntryPoint\",\"urlTemplate\":\"https:\\\/\\\/smakivera.pl\\\/?s={search_term_string}\"},\"query-input\":{\"@type\":\"PropertyValueSpecification\",\"valueRequired\":true,\"valueName\":\"search_term_string\"}}],\"inLanguage\":\"en-GB\"},{\"@type\":\"Organization\",\"@id\":\"https:\\\/\\\/smakivera.pl\\\/#organization\",\"name\":\"VERA - Zapro\u015b ca\u0142y \u015bwiat do swojej kuchni\",\"url\":\"https:\\\/\\\/smakivera.pl\\\/\",\"logo\":{\"@type\":\"ImageObject\",\"inLanguage\":\"en-GB\",\"@id\":\"https:\\\/\\\/smakivera.pl\\\/#\\\/schema\\\/logo\\\/image\\\/\",\"url\":\"https:\\\/\\\/smakivera.pl\\\/wp-content\\\/uploads\\\/2021\\\/02\\\/vera-gastronomia.png\",\"contentUrl\":\"https:\\\/\\\/smakivera.pl\\\/wp-content\\\/uploads\\\/2021\\\/02\\\/vera-gastronomia.png\",\"width\":200,\"height\":200,\"caption\":\"VERA - Zapro\u015b ca\u0142y \u015bwiat do swojej kuchni\"},\"image\":{\"@id\":\"https:\\\/\\\/smakivera.pl\\\/#\\\/schema\\\/logo\\\/image\\\/\"},\"sameAs\":[\"https:\\\/\\\/www.facebook.com\\\/smakivera\",\"https:\\\/\\\/www.instagram.com\\\/smakivera\\\/\",\"https:\\\/\\\/pl.pinterest.com\\\/smakivera\"]}]}<\/script>\n<!-- \/ Yoast SEO plugin. -->","yoast_head_json":{"title":"Shredded celery 860g, VERA - Products - Smaki Vera","description":"Exclusive VERA Shredded Celery 860g, from Vera. Create delicious dishes with our products. Find new ideas in the Inspiration section | Vera Flavours","robots":{"index":"index","follow":"follow","max-snippet":"max-snippet:-1","max-image-preview":"max-image-preview:large","max-video-preview":"max-video-preview:-1"},"canonical":"https:\/\/smakivera.pl\/en\/product\/celery-sticks-860g-vera\/","og_locale":"en_GB","og_type":"article","og_title":"Seler wi\u00f3rki 860g, VERA - Produkty - Smaki Vera","og_description":"Wyj\u0105tkowe Seler wi\u00f3rki 860g, VERA od marki Vera. Przygotuj pyszne dania z naszymi produktami. Nowych pomys\u0142\u00f3w szukaj w dziale z Inspiracjami | Smaki Vera","og_url":"https:\/\/smakivera.pl\/en\/product\/celery-sticks-860g-vera\/","og_site_name":"VERA - Ca\u0142y \u015bwiat w Twojej Kuchni","article_publisher":"https:\/\/www.facebook.com\/smakivera","article_modified_time":"2026-07-03T10:39:39+00:00","og_image":[{"width":1000,"height":1000,"url":"https:\/\/smakivera.pl\/wp-content\/uploads\/2026\/07\/seler-wiorki.webp","type":"image\/webp"}],"twitter_card":"summary_large_image","twitter_misc":{"Estimated reading time":"1 minute"},"schema":{"@context":"https:\/\/schema.org","@graph":[{"@type":"WebPage","@id":"https:\/\/smakivera.pl\/produkt\/seler-wiorki-860g-vera\/","url":"https:\/\/smakivera.pl\/produkt\/seler-wiorki-860g-vera\/","name":"Shredded celery 860g, VERA - Products - Smaki Vera","isPartOf":{"@id":"https:\/\/smakivera.pl\/#website"},"primaryImageOfPage":{"@id":"https:\/\/smakivera.pl\/produkt\/seler-wiorki-860g-vera\/#primaryimage"},"image":{"@id":"https:\/\/smakivera.pl\/produkt\/seler-wiorki-860g-vera\/#primaryimage"},"thumbnailUrl":"https:\/\/smakivera.pl\/wp-content\/uploads\/2026\/07\/seler-wiorki.webp","datePublished":"2026-07-03T10:38:02+00:00","dateModified":"2026-07-03T10:39:39+00:00","description":"Exclusive VERA Shredded Celery 860g, from Vera. Create delicious dishes with our products. Find new ideas in the Inspiration section | Vera Flavours","breadcrumb":{"@id":"https:\/\/smakivera.pl\/produkt\/seler-wiorki-860g-vera\/#breadcrumb"},"inLanguage":"en-GB","potentialAction":[{"@type":"ReadAction","target":["https:\/\/smakivera.pl\/produkt\/seler-wiorki-860g-vera\/"]}]},{"@type":"ImageObject","inLanguage":"en-GB","@id":"https:\/\/smakivera.pl\/produkt\/seler-wiorki-860g-vera\/#primaryimage","url":"https:\/\/smakivera.pl\/wp-content\/uploads\/2026\/07\/seler-wiorki.webp","contentUrl":"https:\/\/smakivera.pl\/wp-content\/uploads\/2026\/07\/seler-wiorki.webp","width":1000,"height":1000},{"@type":"BreadcrumbList","@id":"https:\/\/smakivera.pl\/produkt\/seler-wiorki-860g-vera\/#breadcrumb","itemListElement":[{"@type":"ListItem","position":1,"name":"Strona g\u0142\u00f3wna","item":"https:\/\/smakivera.pl\/"},{"@type":"ListItem","position":2,"name":"Produkty","item":"https:\/\/smakivera.pl\/shop\/"},{"@type":"ListItem","position":3,"name":"Seler wi\u00f3rki 860g, VERA"}]},{"@type":"WebSite","@id":"https:\/\/smakivera.pl\/#website","url":"https:\/\/smakivera.pl\/","name":"VERA - A whole world in your kitchen","description":"Come with us on a culinary journey... to sunny Spain for delicious oils, to Italy for fragrant tomatoes, or perhaps to India for tropical fruits?","publisher":{"@id":"https:\/\/smakivera.pl\/#organization"},"potentialAction":[{"@type":"SearchAction","target":{"@type":"EntryPoint","urlTemplate":"https:\/\/smakivera.pl\/?s={search_term_string}"},"query-input":{"@type":"PropertyValueSpecification","valueRequired":true,"valueName":"search_term_string"}}],"inLanguage":"en-GB"},{"@type":"Organization","@id":"https:\/\/smakivera.pl\/#organization","name":"VERA - Invite the whole world into your kitchen","url":"https:\/\/smakivera.pl\/","logo":{"@type":"ImageObject","inLanguage":"en-GB","@id":"https:\/\/smakivera.pl\/#\/schema\/logo\/image\/","url":"https:\/\/smakivera.pl\/wp-content\/uploads\/2021\/02\/vera-gastronomia.png","contentUrl":"https:\/\/smakivera.pl\/wp-content\/uploads\/2021\/02\/vera-gastronomia.png","width":200,"height":200,"caption":"VERA - Zapro\u015b ca\u0142y \u015bwiat do swojej kuchni"},"image":{"@id":"https:\/\/smakivera.pl\/#\/schema\/logo\/image\/"},"sameAs":["https:\/\/www.facebook.com\/smakivera","https:\/\/www.instagram.com\/smakivera\/","https:\/\/pl.pinterest.com\/smakivera"]}]}},"_links":{"self":[{"href":"https:\/\/smakivera.pl\/en\/wp-json\/wp\/v2\/product\/10888","targetHints":{"allow":["GET"]}}],"collection":[{"href":"https:\/\/smakivera.pl\/en\/wp-json\/wp\/v2\/product"}],"about":[{"href":"https:\/\/smakivera.pl\/en\/wp-json\/wp\/v2\/types\/product"}],"wp:featuredmedia":[{"embeddable":true,"href":"https:\/\/smakivera.pl\/en\/wp-json\/wp\/v2\/media\/10889"}],"wp:attachment":[{"href":"https:\/\/smakivera.pl\/en\/wp-json\/wp\/v2\/media?parent=10888"}],"wp:term":[{"taxonomy":"product_brand","embeddable":true,"href":"https:\/\/smakivera.pl\/en\/wp-json\/wp\/v2\/product_brand?post=10888"},{"taxonomy":"product_cat","embeddable":true,"href":"https:\/\/smakivera.pl\/en\/wp-json\/wp\/v2\/product_cat?post=10888"},{"taxonomy":"product_tag","embeddable":true,"href":"https:\/\/smakivera.pl\/en\/wp-json\/wp\/v2\/product_tag?post=10888"}],"curies":[{"name":"wp","href":"https:\/\/api.w.org\/{rel}","templated":true}]}}

<p>Seler wiórki w zalewie  to wygodny dodatek do sałatek, przekąsek i dań obiadowych. Gotowy do użycia, zamknięty w słoiku, pozwala szybko wzbogacić smak potraw bez obierania i tarcia warzyw. Delikatne wiórki selera dobrze komponują się z majonezem, jogurtem, jajkiem, kukurydzą, szynką, kurczakiem czy ogórkiem konserwowym. Sprawdzą się szczególnie w sałatce jarzynowej oraz innych klasycznych kompozycjach na [&hellip;]</p>

<!-- This site is optimized with the Yoast SEO plugin v28.3 - https://yoast.com/product/yoast-seo-wordpress/ -->
<title>Seler wiórki 860g, VERA - Produkty - Smaki Vera</title>
<meta name="description" content="Wyjątkowe Seler wiórki 860g, VERA od marki Vera. Przygotuj pyszne dania z naszymi produktami. Nowych pomysłów szukaj w dziale z Inspiracjami | Smaki Vera" />
<meta name="robots" content="index, follow, max-snippet:-1, max-image-preview:large, max-video-preview:-1" />
<link rel="canonical" href="https://smakivera.pl/en/product/celery-sticks-860g-vera/" />
<meta property="og:locale" content="en_GB" />
<meta property="og:type" content="article" />
<meta property="og:title" content="Seler wiórki 860g, VERA - Produkty - Smaki Vera" />
<meta property="og:description" content="Wyjątkowe Seler wiórki 860g, VERA od marki Vera. Przygotuj pyszne dania z naszymi produktami. Nowych pomysłów szukaj w dziale z Inspiracjami | Smaki Vera" />
<meta property="og:url" content="https://smakivera.pl/en/product/celery-sticks-860g-vera/" />
<meta property="og:site_name" content="VERA - Cały świat w Twojej Kuchni" />
<meta property="article:publisher" content="https://www.facebook.com/smakivera" />
<meta property="article:modified_time" content="2026-07-03T10:39:39+00:00" />
<meta property="og:image" content="https://smakivera.pl/wp-content/uploads/2026/07/seler-wiorki.webp" />
	<meta property="og:image:width" content="1000" />
	<meta property="og:image:height" content="1000" />
	<meta property="og:image:type" content="image/webp" />
<meta name="twitter:card" content="summary_large_image" />
<meta name="twitter:label1" content="Estimated reading time" />
	<meta name="twitter:data1" content="1 minute" />
<script type="application/ld+json" class="yoast-schema-graph">{"@context":"https:\/\/schema.org","@graph":[{"@type":"WebPage","@id":"https:\/\/smakivera.pl\/produkt\/seler-wiorki-860g-vera\/","url":"https:\/\/smakivera.pl\/produkt\/seler-wiorki-860g-vera\/","name":"Seler wiórki 860g, VERA - Produkty - Smaki Vera","isPartOf":{"@id":"https:\/\/smakivera.pl\/#website"},"primaryImageOfPage":{"@id":"https:\/\/smakivera.pl\/produkt\/seler-wiorki-860g-vera\/#primaryimage"},"image":{"@id":"https:\/\/smakivera.pl\/produkt\/seler-wiorki-860g-vera\/#primaryimage"},"thumbnailUrl":"https:\/\/smakivera.pl\/wp-content\/uploads\/2026\/07\/seler-wiorki.webp","datePublished":"2026-07-03T10:38:02+00:00","dateModified":"2026-07-03T10:39:39+00:00","description":"Wyjątkowe Seler wiórki 860g, VERA od marki Vera. Przygotuj pyszne dania z naszymi produktami. Nowych pomysłów szukaj w dziale z Inspiracjami | Smaki Vera","breadcrumb":{"@id":"https:\/\/smakivera.pl\/produkt\/seler-wiorki-860g-vera\/#breadcrumb"},"inLanguage":"en-GB","potentialAction":[{"@type":"ReadAction","target":["https:\/\/smakivera.pl\/produkt\/seler-wiorki-860g-vera\/"]}]},{"@type":"ImageObject","inLanguage":"en-GB","@id":"https:\/\/smakivera.pl\/produkt\/seler-wiorki-860g-vera\/#primaryimage","url":"https:\/\/smakivera.pl\/wp-content\/uploads\/2026\/07\/seler-wiorki.webp","contentUrl":"https:\/\/smakivera.pl\/wp-content\/uploads\/2026\/07\/seler-wiorki.webp","width":1000,"height":1000},{"@type":"BreadcrumbList","@id":"https:\/\/smakivera.pl\/produkt\/seler-wiorki-860g-vera\/#breadcrumb","itemListElement":[{"@type":"ListItem","position":1,"name":"Strona główna","item":"https:\/\/smakivera.pl\/"},{"@type":"ListItem","position":2,"name":"Produkty","item":"https:\/\/smakivera.pl\/shop\/"},{"@type":"ListItem","position":3,"name":"Seler wiórki 860g, VERA"}]},{"@type":"WebSite","@id":"https:\/\/smakivera.pl\/#website","url":"https:\/\/smakivera.pl\/","name":"VERA - Cały świat w Twojej Kuchni","description":"Udaj się z nami w kulinarną podróż... do słonecznej Hiszpanii po pyszne oliwy, do Włoch po pachnące pomidory, a może do Indii po tropikalne owoce?","publisher":{"@id":"https:\/\/smakivera.pl\/#organization"},"potentialAction":[{"@type":"SearchAction","target":{"@type":"EntryPoint","urlTemplate":"https:\/\/smakivera.pl\/?s={search_term_string}"},"query-input":{"@type":"PropertyValueSpecification","valueRequired":true,"valueName":"search_term_string"}}],"inLanguage":"en-GB"},{"@type":"Organization","@id":"https:\/\/smakivera.pl\/#organization","name":"VERA - Zaproś cały świat do swojej kuchni","url":"https:\/\/smakivera.pl\/","logo":{"@type":"ImageObject","inLanguage":"en-GB","@id":"https:\/\/smakivera.pl\/#\/schema\/logo\/image\/","url":"https:\/\/smakivera.pl\/wp-content\/uploads\/2021\/02\/vera-gastronomia.png","contentUrl":"https:\/\/smakivera.pl\/wp-content\/uploads\/2021\/02\/vera-gastronomia.png","width":200,"height":200,"caption":"VERA - Zaproś cały świat do swojej kuchni"},"image":{"@id":"https:\/\/smakivera.pl\/#\/schema\/logo\/image\/"},"sameAs":["https:\/\/www.facebook.com\/smakivera","https:\/\/www.instagram.com\/smakivera\/","https:\/\/pl.pinterest.com\/smakivera"]}]}</script>
<!-- / Yoast SEO plugin. -->

Seler wiórki 860g, VERA - Produkty - Smaki Vera

Wyjątkowe Seler wiórki 860g, VERA od marki Vera. Przygotuj pyszne dania z naszymi produktami. Nowych pomysłów szukaj w dziale z Inspiracjami | Smaki Vera

VERA - Cały świat w Twojej Kuchni

Strona główna

Seler wiórki 860g, VERA

VERA - Zaproś cały świat do swojej kuchni
