{"id":6729,"date":"2023-02-24T14:19:19","date_gmt":"2023-02-24T13:19:19","guid":{"rendered":"https:\/\/smakivera.pl\/produkt\/fasola-czarna-w-zalewie\/"},"modified":"2023-05-23T09:30:27","modified_gmt":"2023-05-23T07:30:27","slug":"black-beans-in-brine","status":"publish","type":"product","link":"https:\/\/smakivera.pl\/en\/product\/black-beans-in-brine\/","title":{"rendered":"Black beans in brine"},"content":{"rendered":"<p>Black beans are a variety of common beans, especially valued for their taste. It is one of the basic foods in the diet of South and Central Americans. Today, black beans are grown all over the world and used in many different types of cuisine. It works perfectly in dishes for vegetarians and vegans as an excellent alternative to meat. It can be added to one-pot dishes, tortillas, salads, but also to make soups, p\u00e2t\u00e9s, vegetable cutlets and even cakes. The product comes from Italy.<\/p>","protected":false},"excerpt":{"rendered":"<p>The black bean is a variety of common bean, particularly valued for its flavour. It is one of the staple foods in the diet of South and Central Americans. Today, black beans are grown all over the world and used in many different types of cuisine. It is excellent in dishes for vegetarians and vegans as an excellent alternative to meat. It can be [...]<\/p>","protected":false},"featured_media":6788,"template":"","meta":[],"product_brand":[],"product_cat":[278,155],"product_tag":[172,185],"class_list":{"0":"post-6729","1":"product","2":"type-product","3":"status-publish","4":"has-post-thumbnail","6":"product_cat-produkty-horeca","7":"product_cat-przetwory-warzywne","8":"product_tag-bliskiego-wschodu","9":"product_tag-meksykanska","11":"first","12":"instock","13":"shipping-taxable","14":"product-type-simple"},"yoast_head":"<!-- This site is optimized with the Yoast SEO plugin v26.5 - https:\/\/yoast.com\/wordpress\/plugins\/seo\/ -->\n<title>Fasola czarna w zalewie - Produkty - Smaki Vera<\/title>\n<meta name=\"description\" content=\"Wyj\u0105tkowe Fasola czarna w zalewie od marki Vera. Przygotuj pyszne dania z naszymi produktami. Nowych pomys\u0142\u00f3w szukaj w dziale z Inspiracjami | Smaki Vera\" \/>\n<meta name=\"robots\" content=\"index, follow, max-snippet:-1, max-image-preview:large, max-video-preview:-1\" \/>\n<link rel=\"canonical\" href=\"https:\/\/smakivera.pl\/en\/product\/black-beans-in-brine\/\" \/>\n<meta property=\"og:locale\" content=\"en_GB\" \/>\n<meta property=\"og:type\" content=\"article\" \/>\n<meta property=\"og:title\" content=\"Fasola czarna w zalewie - Produkty - Smaki Vera\" \/>\n<meta property=\"og:description\" content=\"Wyj\u0105tkowe Fasola czarna w zalewie od marki Vera. Przygotuj pyszne dania z naszymi produktami. Nowych pomys\u0142\u00f3w szukaj w dziale z Inspiracjami | Smaki Vera\" \/>\n<meta property=\"og:url\" content=\"https:\/\/smakivera.pl\/en\/product\/black-beans-in-brine\/\" \/>\n<meta property=\"og:site_name\" content=\"VERA - Ca\u0142y \u015bwiat w Twojej Kuchni\" \/>\n<meta property=\"article:publisher\" content=\"https:\/\/www.facebook.com\/smakivera\" \/>\n<meta property=\"article:modified_time\" content=\"2023-05-23T07:30:27+00:00\" \/>\n<meta property=\"og:image\" content=\"https:\/\/smakivera.pl\/wp-content\/uploads\/2023\/02\/czarna-fasola-2500-CIEN.png\" \/>\n\t<meta property=\"og:image:width\" content=\"800\" \/>\n\t<meta property=\"og:image:height\" content=\"800\" \/>\n\t<meta property=\"og:image:type\" content=\"image\/png\" \/>\n<meta name=\"twitter:card\" content=\"summary_large_image\" \/>\n<meta name=\"twitter:label1\" content=\"Estimated reading time\" \/>\n\t<meta name=\"twitter:data1\" content=\"1 minute\" \/>\n<script type=\"application\/ld+json\" class=\"yoast-schema-graph\">{\"@context\":\"https:\/\/schema.org\",\"@graph\":[{\"@type\":\"WebPage\",\"@id\":\"https:\/\/smakivera.pl\/produkt\/fasola-czarna-w-zalewie\/\",\"url\":\"https:\/\/smakivera.pl\/produkt\/fasola-czarna-w-zalewie\/\",\"name\":\"Fasola czarna w zalewie - Produkty - Smaki Vera\",\"isPartOf\":{\"@id\":\"https:\/\/smakivera.pl\/#website\"},\"primaryImageOfPage\":{\"@id\":\"https:\/\/smakivera.pl\/produkt\/fasola-czarna-w-zalewie\/#primaryimage\"},\"image\":{\"@id\":\"https:\/\/smakivera.pl\/produkt\/fasola-czarna-w-zalewie\/#primaryimage\"},\"thumbnailUrl\":\"https:\/\/smakivera.pl\/wp-content\/uploads\/2023\/02\/czarna-fasola-2500-CIEN.png\",\"datePublished\":\"2023-02-24T13:19:19+00:00\",\"dateModified\":\"2023-05-23T07:30:27+00:00\",\"description\":\"Wyj\u0105tkowe Fasola czarna w zalewie od marki Vera. Przygotuj pyszne dania z naszymi produktami. Nowych pomys\u0142\u00f3w szukaj w dziale z Inspiracjami | Smaki Vera\",\"breadcrumb\":{\"@id\":\"https:\/\/smakivera.pl\/produkt\/fasola-czarna-w-zalewie\/#breadcrumb\"},\"inLanguage\":\"en-GB\",\"potentialAction\":[{\"@type\":\"ReadAction\",\"target\":[\"https:\/\/smakivera.pl\/produkt\/fasola-czarna-w-zalewie\/\"]}]},{\"@type\":\"ImageObject\",\"inLanguage\":\"en-GB\",\"@id\":\"https:\/\/smakivera.pl\/produkt\/fasola-czarna-w-zalewie\/#primaryimage\",\"url\":\"https:\/\/smakivera.pl\/wp-content\/uploads\/2023\/02\/czarna-fasola-2500-CIEN.png\",\"contentUrl\":\"https:\/\/smakivera.pl\/wp-content\/uploads\/2023\/02\/czarna-fasola-2500-CIEN.png\",\"width\":800,\"height\":800},{\"@type\":\"BreadcrumbList\",\"@id\":\"https:\/\/smakivera.pl\/produkt\/fasola-czarna-w-zalewie\/#breadcrumb\",\"itemListElement\":[{\"@type\":\"ListItem\",\"position\":1,\"name\":\"Strona g\u0142\u00f3wna\",\"item\":\"https:\/\/smakivera.pl\/\"},{\"@type\":\"ListItem\",\"position\":2,\"name\":\"Produkty\",\"item\":\"https:\/\/smakivera.pl\/shop\/\"},{\"@type\":\"ListItem\",\"position\":3,\"name\":\"Fasola czarna w zalewie\"}]},{\"@type\":\"WebSite\",\"@id\":\"https:\/\/smakivera.pl\/#website\",\"url\":\"https:\/\/smakivera.pl\/\",\"name\":\"VERA - Ca\u0142y \u015bwiat w Twojej Kuchni\",\"description\":\"Udaj si\u0119 z nami w kulinarn\u0105 podr\u00f3\u017c... do s\u0142onecznej Hiszpanii po pyszne oliwy, do W\u0142och po pachn\u0105ce pomidory, a mo\u017ce do Indii po tropikalne owoce?\",\"publisher\":{\"@id\":\"https:\/\/smakivera.pl\/#organization\"},\"potentialAction\":[{\"@type\":\"SearchAction\",\"target\":{\"@type\":\"EntryPoint\",\"urlTemplate\":\"https:\/\/smakivera.pl\/?s={search_term_string}\"},\"query-input\":{\"@type\":\"PropertyValueSpecification\",\"valueRequired\":true,\"valueName\":\"search_term_string\"}}],\"inLanguage\":\"en-GB\"},{\"@type\":\"Organization\",\"@id\":\"https:\/\/smakivera.pl\/#organization\",\"name\":\"VERA - Zapro\u015b ca\u0142y \u015bwiat do swojej kuchni\",\"url\":\"https:\/\/smakivera.pl\/\",\"logo\":{\"@type\":\"ImageObject\",\"inLanguage\":\"en-GB\",\"@id\":\"https:\/\/smakivera.pl\/#\/schema\/logo\/image\/\",\"url\":\"https:\/\/smakivera.pl\/wp-content\/uploads\/2021\/02\/vera-gastronomia.png\",\"contentUrl\":\"https:\/\/smakivera.pl\/wp-content\/uploads\/2021\/02\/vera-gastronomia.png\",\"width\":200,\"height\":200,\"caption\":\"VERA - Zapro\u015b ca\u0142y \u015bwiat do swojej kuchni\"},\"image\":{\"@id\":\"https:\/\/smakivera.pl\/#\/schema\/logo\/image\/\"},\"sameAs\":[\"https:\/\/www.facebook.com\/smakivera\",\"https:\/\/www.instagram.com\/smakivera\/\",\"https:\/\/pl.pinterest.com\/smakivera\"]}]}<\/script>\n<!-- \/ Yoast SEO plugin. -->","yoast_head_json":{"title":"Black beans in brine - Products - Flavours of Vera","description":"Exceptional Black beans in brine from the Vera brand. Prepare delicious dishes with our products. For new ideas, see Inspirations | Flavours by Vera.","robots":{"index":"index","follow":"follow","max-snippet":"max-snippet:-1","max-image-preview":"max-image-preview:large","max-video-preview":"max-video-preview:-1"},"canonical":"https:\/\/smakivera.pl\/en\/product\/black-beans-in-brine\/","og_locale":"en_GB","og_type":"article","og_title":"Fasola czarna w zalewie - Produkty - Smaki Vera","og_description":"Wyj\u0105tkowe Fasola czarna w zalewie od marki Vera. Przygotuj pyszne dania z naszymi produktami. Nowych pomys\u0142\u00f3w szukaj w dziale z Inspiracjami | Smaki Vera","og_url":"https:\/\/smakivera.pl\/en\/product\/black-beans-in-brine\/","og_site_name":"VERA - Ca\u0142y \u015bwiat w Twojej Kuchni","article_publisher":"https:\/\/www.facebook.com\/smakivera","article_modified_time":"2023-05-23T07:30:27+00:00","og_image":[{"width":800,"height":800,"url":"https:\/\/smakivera.pl\/wp-content\/uploads\/2023\/02\/czarna-fasola-2500-CIEN.png","type":"image\/png"}],"twitter_card":"summary_large_image","twitter_misc":{"Estimated reading time":"1 minute"},"schema":{"@context":"https:\/\/schema.org","@graph":[{"@type":"WebPage","@id":"https:\/\/smakivera.pl\/produkt\/fasola-czarna-w-zalewie\/","url":"https:\/\/smakivera.pl\/produkt\/fasola-czarna-w-zalewie\/","name":"Black beans in brine - Products - Flavours of Vera","isPartOf":{"@id":"https:\/\/smakivera.pl\/#website"},"primaryImageOfPage":{"@id":"https:\/\/smakivera.pl\/produkt\/fasola-czarna-w-zalewie\/#primaryimage"},"image":{"@id":"https:\/\/smakivera.pl\/produkt\/fasola-czarna-w-zalewie\/#primaryimage"},"thumbnailUrl":"https:\/\/smakivera.pl\/wp-content\/uploads\/2023\/02\/czarna-fasola-2500-CIEN.png","datePublished":"2023-02-24T13:19:19+00:00","dateModified":"2023-05-23T07:30:27+00:00","description":"Exceptional Black beans in brine from the Vera brand. Prepare delicious dishes with our products. For new ideas, see Inspirations | Flavours by Vera.","breadcrumb":{"@id":"https:\/\/smakivera.pl\/produkt\/fasola-czarna-w-zalewie\/#breadcrumb"},"inLanguage":"en-GB","potentialAction":[{"@type":"ReadAction","target":["https:\/\/smakivera.pl\/produkt\/fasola-czarna-w-zalewie\/"]}]},{"@type":"ImageObject","inLanguage":"en-GB","@id":"https:\/\/smakivera.pl\/produkt\/fasola-czarna-w-zalewie\/#primaryimage","url":"https:\/\/smakivera.pl\/wp-content\/uploads\/2023\/02\/czarna-fasola-2500-CIEN.png","contentUrl":"https:\/\/smakivera.pl\/wp-content\/uploads\/2023\/02\/czarna-fasola-2500-CIEN.png","width":800,"height":800},{"@type":"BreadcrumbList","@id":"https:\/\/smakivera.pl\/produkt\/fasola-czarna-w-zalewie\/#breadcrumb","itemListElement":[{"@type":"ListItem","position":1,"name":"Strona g\u0142\u00f3wna","item":"https:\/\/smakivera.pl\/"},{"@type":"ListItem","position":2,"name":"Produkty","item":"https:\/\/smakivera.pl\/shop\/"},{"@type":"ListItem","position":3,"name":"Fasola czarna w zalewie"}]},{"@type":"WebSite","@id":"https:\/\/smakivera.pl\/#website","url":"https:\/\/smakivera.pl\/","name":"VERA - A whole world in your kitchen","description":"Come with us on a culinary journey... to sunny Spain for delicious oils, to Italy for fragrant tomatoes, or perhaps to India for tropical fruits?","publisher":{"@id":"https:\/\/smakivera.pl\/#organization"},"potentialAction":[{"@type":"SearchAction","target":{"@type":"EntryPoint","urlTemplate":"https:\/\/smakivera.pl\/?s={search_term_string}"},"query-input":{"@type":"PropertyValueSpecification","valueRequired":true,"valueName":"search_term_string"}}],"inLanguage":"en-GB"},{"@type":"Organization","@id":"https:\/\/smakivera.pl\/#organization","name":"VERA - Invite the whole world into your kitchen","url":"https:\/\/smakivera.pl\/","logo":{"@type":"ImageObject","inLanguage":"en-GB","@id":"https:\/\/smakivera.pl\/#\/schema\/logo\/image\/","url":"https:\/\/smakivera.pl\/wp-content\/uploads\/2021\/02\/vera-gastronomia.png","contentUrl":"https:\/\/smakivera.pl\/wp-content\/uploads\/2021\/02\/vera-gastronomia.png","width":200,"height":200,"caption":"VERA - Zapro\u015b ca\u0142y \u015bwiat do swojej kuchni"},"image":{"@id":"https:\/\/smakivera.pl\/#\/schema\/logo\/image\/"},"sameAs":["https:\/\/www.facebook.com\/smakivera","https:\/\/www.instagram.com\/smakivera\/","https:\/\/pl.pinterest.com\/smakivera"]}]}},"_links":{"self":[{"href":"https:\/\/smakivera.pl\/en\/wp-json\/wp\/v2\/product\/6729","targetHints":{"allow":["GET"]}}],"collection":[{"href":"https:\/\/smakivera.pl\/en\/wp-json\/wp\/v2\/product"}],"about":[{"href":"https:\/\/smakivera.pl\/en\/wp-json\/wp\/v2\/types\/product"}],"wp:featuredmedia":[{"embeddable":true,"href":"https:\/\/smakivera.pl\/en\/wp-json\/wp\/v2\/media\/6788"}],"wp:attachment":[{"href":"https:\/\/smakivera.pl\/en\/wp-json\/wp\/v2\/media?parent=6729"}],"wp:term":[{"taxonomy":"product_brand","embeddable":true,"href":"https:\/\/smakivera.pl\/en\/wp-json\/wp\/v2\/product_brand?post=6729"},{"taxonomy":"product_cat","embeddable":true,"href":"https:\/\/smakivera.pl\/en\/wp-json\/wp\/v2\/product_cat?post=6729"},{"taxonomy":"product_tag","embeddable":true,"href":"https:\/\/smakivera.pl\/en\/wp-json\/wp\/v2\/product_tag?post=6729"}],"curies":[{"name":"wp","href":"https:\/\/api.w.org\/{rel}","templated":true}]}}

<p>Black beans are a variety of common beans, especially valued for their taste. It is one of the basic foods in the diet of South and Central Americans. Today, black beans are grown all over the world and used in many different types of cuisine. It works perfectly in dishes for vegetarians and vegans as an excellent alternative to meat. It can be added to one-pot dishes, tortillas, salads, but also to make soups, pâtés, vegetable cutlets and even cakes. The product comes from Italy.</p>

<!-- This site is optimized with the Yoast SEO plugin v26.5 - https://yoast.com/wordpress/plugins/seo/ -->
<title>Fasola czarna w zalewie - Produkty - Smaki Vera</title>
<meta name="description" content="Wyjątkowe Fasola czarna w zalewie od marki Vera. Przygotuj pyszne dania z naszymi produktami. Nowych pomysłów szukaj w dziale z Inspiracjami | Smaki Vera" />
<meta name="robots" content="index, follow, max-snippet:-1, max-image-preview:large, max-video-preview:-1" />
<link rel="canonical" href="https://smakivera.pl/en/product/black-beans-in-brine/" />
<meta property="og:locale" content="en_GB" />
<meta property="og:type" content="article" />
<meta property="og:title" content="Fasola czarna w zalewie - Produkty - Smaki Vera" />
<meta property="og:description" content="Wyjątkowe Fasola czarna w zalewie od marki Vera. Przygotuj pyszne dania z naszymi produktami. Nowych pomysłów szukaj w dziale z Inspiracjami | Smaki Vera" />
<meta property="og:url" content="https://smakivera.pl/en/product/black-beans-in-brine/" />
<meta property="og:site_name" content="VERA - Cały świat w Twojej Kuchni" />
<meta property="article:publisher" content="https://www.facebook.com/smakivera" />
<meta property="article:modified_time" content="2023-05-23T07:30:27+00:00" />
<meta property="og:image" content="https://smakivera.pl/wp-content/uploads/2023/02/czarna-fasola-2500-CIEN.png" />
	<meta property="og:image:width" content="800" />
	<meta property="og:image:height" content="800" />
	<meta property="og:image:type" content="image/png" />
<meta name="twitter:card" content="summary_large_image" />
<meta name="twitter:label1" content="Estimated reading time" />
	<meta name="twitter:data1" content="1 minute" />
<script type="application/ld+json" class="yoast-schema-graph">{"@context":"https://schema.org","@graph":[{"@type":"WebPage","@id":"https://smakivera.pl/produkt/fasola-czarna-w-zalewie/","url":"https://smakivera.pl/produkt/fasola-czarna-w-zalewie/","name":"Fasola czarna w zalewie - Produkty - Smaki Vera","isPartOf":{"@id":"https://smakivera.pl/#website"},"primaryImageOfPage":{"@id":"https://smakivera.pl/produkt/fasola-czarna-w-zalewie/#primaryimage"},"image":{"@id":"https://smakivera.pl/produkt/fasola-czarna-w-zalewie/#primaryimage"},"thumbnailUrl":"https://smakivera.pl/wp-content/uploads/2023/02/czarna-fasola-2500-CIEN.png","datePublished":"2023-02-24T13:19:19+00:00","dateModified":"2023-05-23T07:30:27+00:00","description":"Wyjątkowe Fasola czarna w zalewie od marki Vera. Przygotuj pyszne dania z naszymi produktami. Nowych pomysłów szukaj w dziale z Inspiracjami | Smaki Vera","breadcrumb":{"@id":"https://smakivera.pl/produkt/fasola-czarna-w-zalewie/#breadcrumb"},"inLanguage":"en-GB","potentialAction":[{"@type":"ReadAction","target":["https://smakivera.pl/produkt/fasola-czarna-w-zalewie/"]}]},{"@type":"ImageObject","inLanguage":"en-GB","@id":"https://smakivera.pl/produkt/fasola-czarna-w-zalewie/#primaryimage","url":"https://smakivera.pl/wp-content/uploads/2023/02/czarna-fasola-2500-CIEN.png","contentUrl":"https://smakivera.pl/wp-content/uploads/2023/02/czarna-fasola-2500-CIEN.png","width":800,"height":800},{"@type":"BreadcrumbList","@id":"https://smakivera.pl/produkt/fasola-czarna-w-zalewie/#breadcrumb","itemListElement":[{"@type":"ListItem","position":1,"name":"Strona główna","item":"https://smakivera.pl/"},{"@type":"ListItem","position":2,"name":"Produkty","item":"https://smakivera.pl/shop/"},{"@type":"ListItem","position":3,"name":"Fasola czarna w zalewie"}]},{"@type":"WebSite","@id":"https://smakivera.pl/#website","url":"https://smakivera.pl/","name":"VERA - Cały świat w Twojej Kuchni","description":"Udaj się z nami w kulinarną podróż... do słonecznej Hiszpanii po pyszne oliwy, do Włoch po pachnące pomidory, a może do Indii po tropikalne owoce?","publisher":{"@id":"https://smakivera.pl/#organization"},"potentialAction":[{"@type":"SearchAction","target":{"@type":"EntryPoint","urlTemplate":"https://smakivera.pl/?s={search_term_string}"},"query-input":{"@type":"PropertyValueSpecification","valueRequired":true,"valueName":"search_term_string"}}],"inLanguage":"en-GB"},{"@type":"Organization","@id":"https://smakivera.pl/#organization","name":"VERA - Zaproś cały świat do swojej kuchni","url":"https://smakivera.pl/","logo":{"@type":"ImageObject","inLanguage":"en-GB","@id":"https://smakivera.pl/#/schema/logo/image/","url":"https://smakivera.pl/wp-content/uploads/2021/02/vera-gastronomia.png","contentUrl":"https://smakivera.pl/wp-content/uploads/2021/02/vera-gastronomia.png","width":200,"height":200,"caption":"VERA - Zaproś cały świat do swojej kuchni"},"image":{"@id":"https://smakivera.pl/#/schema/logo/image/"},"sameAs":["https://www.facebook.com/smakivera","https://www.instagram.com/smakivera/","https://pl.pinterest.com/smakivera"]}]}</script>
<!-- / Yoast SEO plugin. -->

Wyjątkowe Fasola czarna w zalewie od marki Vera. Przygotuj pyszne dania z naszymi produktami. Nowych pomysłów szukaj w dziale z Inspiracjami | Smaki Vera

VERA - Cały świat w Twojej Kuchni

Strona główna

VERA - Zaproś cały świat do swojej kuchni
